alculate the highest common divisor of 2397 and 102.
51
What is the highest common factor of 12 and 1?
1
Calculate the greatest common divisor of 15 and 190.
5
What is the highest common factor of 7546 and 14?
14
What is the highest common factor of 1075 and 25?
25
What is the highest common factor of 4445 and 28?
7
What is the highest common factor of 765 and 18?
9
What is the greatest common factor of 45 and 5?
5
What is the highest common divisor of 275 and 1600?
25
What is the greatest common factor of 544 and 986?
34
Calculate the greatest common factor of 36 and 708.
12
Calculate the highest common factor of 4428 and 27.
27
Calculate the highest common factor of 229 and 1.
1
What is the greatest common factor of 1022 and 292?
146
What is the highest common factor of 9296 and 8?
8
Calculate the greatest common divisor of 16 and 4576.
16
What is the highest common divisor of 2196 and 36?
36
Calculate the highest common divisor of 51 and 57.
3
Calculate the greatest common divisor of 11880 and 88.
88
Calculate the greatest common divisor of 7081 and 1168.
73
What is the greatest common divisor of 16 and 656?
16
What is the greatest common factor of 16 and 43216?
16
What is the greatest common factor of 138 and 368?
46
What is the greatest common factor of 78 and 208?
26
Calculate the highest common divisor of 23 and 943.
23
What is the greatest common factor of 60 and 24?
12
Calculate the highest common divisor of 42888 and 24.
24
Calculate the highest common divisor of 84 and 324.
12
What is the greatest common divisor of 113 and 8249?
113
Calculate the highest common divisor of 9 and 603.
9
Calculate the highest common divisor of 11788 and 42.
14
Calculate the highest common divisor of 76 and 171.
19
Calculate the greatest common divisor of 455 and 182.
91
Calculate the greatest common factor of 66 and 176.
22
What is the highest common factor of 63 and 1944?
9
Calculate the highest common divisor of 54 and 1566.
54
Calculate the highest common factor of 1 and 61.
1
Calculate the greatest common factor of 513 and 19.
19
Calculate the greatest common divisor of 8 and 9492.
4
Calculate the highest common divisor of 2816 and 20.
4
What is the highest common divisor of 2928 and 192?
48
What is the greatest common divisor of 1421 and 637?
49
What is the highest common factor of 540 and 594?
54
What is the highest common factor of 44 and 1067?
11
What is the greatest common factor of 42 and 216?
6
Calculate the greatest common factor of 9 and 13860.
9
Calculate the highest common factor of 2822 and 830.
166
What is the highest common factor of 129 and 301?
43
Calculate the highest common divisor of 77 and 43813.
77
What is the greatest common factor of 144 and 1062?
18
What is the greatest common factor of 5643 and 66?
33
What is the highest common factor of 640 and 70?
10
What is the greatest common divisor of 2448 and 112?
16
Calculate the greatest common divisor of 1845 and 4797.
369
What is the greatest common factor of 48 and 3252?
12
What is the highest common divisor of 16 and 272?
16
Calculate the greatest common factor of 3 and 3087.
3
Calculate the greatest common divisor of 2 and 3060.
2
What is the greatest common factor of 266 and 76?
38
Calculate the highest common divisor of 4293 and 53.
53
What is the greatest common divisor of 72 and 414?
18
What is the highest common factor of 24 and 472?
8
What is the greatest common divisor of 2015 and 310?
155
What is the highest common factor of 3348 and 620?
124
What is the highest common factor of 38 and 63194?
38
What is the greatest common factor of 5671 and 214?
107
Calculate the greatest common divisor of 2469 and 3.
3
Calculate the greatest common factor of 516 and 180.
12
Calculate the greatest common factor of 14 and 14.
14
What is the greatest common factor of 287 and 1517?
41
Calculate the greatest common divisor of 28 and 217.
7
What is the highest common divisor of 176 and 220?
44
Calculate the greatest common factor of 139 and 278.
139
Calculate the highest common divisor of 266 and 114.
38
Calculate the highest common factor of 186 and 31062.
186
What is the greatest common factor of 10 and 470?
10
Calculate the greatest common factor of 246 and 3813.
123
What is the greatest common factor of 60 and 1500?
60
Calculate the greatest common factor of 104 and 2158.
26
Calculate the highest common factor of 12 and 12.
12
What is the greatest common factor of 9870 and 378?
42
What is the greatest common factor of 21 and 21?
21
What is the highest common factor of 2100 and 25?
25
Calculate the highest common factor of 4398 and 12.
6
What is the highest common divisor of 148 and 4?
4
What is the greatest common divisor of 6160 and 245?
35
Calculate the greatest common divisor of 72 and 12024.
72
What is the highest common factor of 27 and 459?
27
Calculate the highest common factor of 31 and 1519.
31
What is the greatest common factor of 51 and 408?
51
What is the highest common factor of 10 and 290?
10
Calculate the highest common factor of 12 and 42.
6
Calculate the greatest common factor of 20 and 130.
10
Calculate the greatest common divisor of 259 and 14.
7
Calculate the greatest common factor of 54 and 1269.
27
Calculate the highest common factor of 6 and 2.
2
Calculate the greatest common factor of 294 and 126.
42
Calculate the greatest common divisor of 392 and 1512.
56
Calculate the highest common factor of 5626 and 58.
58
Calculate the highest common factor of 189 and 2961.
63
What is the highest common factor of 34 and 578?
34
Calculate the highest common divisor of 77224 and 14.
14
Calculate the highest common divisor of 87 and 2842.
29
Calculate the greatest common divisor of 140 and 385.
35
Calculate the highest common divisor of 42 and 4928.
14
Calculate the highest common divisor of 4634 and 56.
14
What is the highest common divisor of 25 and 2275?
25
What is the greatest common factor of 1200 and 372?
12
Calculate the highest common divisor of 1744 and 2834.
218
What is the highest common factor of 255 and 2091?
51
Calculate the highest common factor of 73 and 5475.
73
What is the highest common divisor of 4500 and 720?
180
What is the highest common divisor of 96 and 18?
6
Calculate the highest common factor of 38 and 2660.
38
What is the greatest common factor of 28 and 63?
7
What is the greatest common factor of 120 and 96?
24
What is the highest common factor of 36 and 7902?
18
Calculate the highest common divisor of 161 and 2461.
23
What is the greatest common divisor of 150 and 950?
50
Calculate the greatest common divisor of 540 and 24.
12
Calculate the greatest common divisor of 287 and 9553.
41
Calculate the greatest common factor of 5 and 5940.
5
What is the highest common divisor of 30 and 640?
10
Calculate the highest common divisor of 225 and 25.
25
Calculate the highest common divisor of 216 and 64.
8
What is the greatest common divisor of 297 and 66?
33
What is the highest common divisor of 40562 and 34?
34
What is the highest common factor of 2704 and 936?
104
Calculate the greatest common divisor of 26 and 15119.
13
Calculate the highest common factor of 2119 and 13.
13
What is the highest common divisor of 5530 and 490?
70
What is the greatest common factor of 1088 and 34?
34
Calculate the highest common factor of 270 and 720.
90
Calculate the highest common divisor of 33 and 209.
11
What is the highest common factor of 5145 and 840?
105
Calculate the greatest common factor of 584 and 2.
2
What is the greatest common factor of 34 and 544?
34
Calculate the greatest common divisor of 2 and 263.
1
Calculate the greatest common divisor of 276 and 24.
12
Calculate the greatest common divisor of 1551 and 2256.
141
What is the greatest common factor of 3910 and 1150?
230
What is the highest common divisor of 60 and 3810?
30
Calculate the highest common factor of 5 and 160.
5
Calculate the greatest common factor of 75 and 15.
15
What is the highest common divisor of 640 and 840?
40
What is the highest common factor of 128 and 896?
128
Calculate the greatest common divisor of 511 and 21.
7
What is the highest common factor of 915 and 15?
15
Calculate the greatest common divisor of 1152 and 198.
18
Calculate the highest common divisor of 3030 and 3737.
